9*k**3 - 12*k**2 - 14*k + 23. Determine b(-2).
5195
Let z(b) = 21*b**2 - 3922*b - 2746. What is z(187)?
-1811
Let f(m) = -m**3 - 36*m**2 - 68*m - 3761. Give f(-37).
124
Let l(t) = -7*t**2 + 61*t - 306. Determine l(10).
-396
Let b(c) = -19*c**2 + 652*c + 3582. Calculate b(-5).
-153
Let u(f) = -f**3 - 35*f**2 + 77*f + 4107. Give u(-34).
333
Let a(s) = s**3 + 474*s**2 + 53672*s + 935. What is a(-287)?
74
Let j(b) = -b**3 - 163*b**2 - 614*b - 21308. What is j(-160)?
132
Let z(y) = 28*y**2 + 2825*y + 7910. What is z(-98)?
-28
Let b(o) = 2*o**3 - 17*o**2 - 80*o + 655. Determine b(8).
-49
Let a(j) = -345*j + 12631. Give a(35).
556
Let o(z) = 6*z**2 + 1163*z + 5966. Determine o(-5).
301
Let r(n) = -55*n**3 - 14*n**2 - 159*n - 765. Give r(-5).
6555
Let s(d) = -d**3 + 41*d**2 - 362*d + 68. Calculate s(28).
124
Let w(c) = -18940*c - 435591. What is w(-23)?
29
Let l(s) = 780*s + 14168. What is l(-18)?
128
Let s(r) = -6*r**3 - 283*r**2 - 974*r - 43575. Give s(-47).
-6
Let m(a) = -2*a**2 - 18351*a - 55060. What is m(-3)?
-25
Let q(s) = 17386*s**2 - 156504*s + 272. What is q(9)?
2
Let u(i) = 34*i + 5098. Determine u(-125).
848
Let v(f) = 626*f - 4370. Determine v(7).
12
Let r(y) = 82*y**3 + 56*y**2 - 49*y - 9. Calculate r(1).
80
Let o(z) = -139*z - 41255. Determine o(-297).
28
Let f(y) = -25992*y - 1923403. What is f(-74)?
5
Let p(m) = 217*m - 8334. Give p(42).
780
Let g(q) = q**2 - 7965*q + 372139. Calculate g(47).
-7
Let w(v) = 11*v**2 - 197*v + 909. Give w(10).
39
Let z(y) = -71*y**3 - 415*y**2 - 424*y - 8. Give z(-1).
72
Let x(i) = 434*i - 4106. Determine x(11).
668
Let h(v) = -42*v**2 + 116*v - 59. Give h(0).
-59
Let p(v) = -460199*v + 920404. Calculate p(2).
6
Let b(c) = -c**3 - 96*c**2 + 608*c + 583. What is b(-102)?
991
Let q(v) = -55*v + 1280. Calculate q(42).
-1030
Let t(c) = 340*c**2 + 2295*c + 1478. Determine t(-6).
-52
Let y(t) = 1165*t - 438037. Give y(376).
3
Let r(x) = 23022*x - 22983. Calculate r(1).
39
Let x(s) = -5*s**3 + 5*s**2 + 33*s - 27. Determine x(-5).
558
Let t(z) = 1857*z + 325080. Determine t(-175).
105
Let i(o) = -4*o**3 + 41*o**2 + 481*o + 5. Calculate i(17).
379
Let x(t) = -150*t**3 - 17*t**2 + 21*t - 3. Determine x(1).
-149
Let j(i) = -2*i**3 - 328*i**2 - 1642*i - 8267. Calculate j(-159).
1
Let g(y) = -79977*y + 2879170. Give g(36).
-2
Let l(x) = 1648*x**2 - 13193*x + 84. Determine l(8).
12
Let j(h) = 22*h**2 + 32662*h - 77329. Give j(-1487).
-5
Let i(f) = -89*f + 6272. Give i(70).
42
Let q(n) = -205*n + 10284. Calculate q(44).
1264
Let i(o) = 2*o**2 - 1734*o + 63023. What is i(38)?
19
Let j(z) = 12325*z + 61546. Give j(-5).
-79
Let q(j) = -j**3 - 51*j**2 + 222*j + 3250. Determine q(-54).
10
Let b(v) = -3*v**2 - 908*v - 57298. Give b(-213).
-1
Let r(w) = 14822*w - 3557259. What is r(240)?
21
Let c(o) = 118*o**2 - 4850*o + 36951. What is c(31)?
-1
Let q(w) = -1386*w + 34638. What is q(25)?
-12
Let v(z) = 2*z**2 + 759*z - 28125. Give v(34).
-7
Let k(t) = -6499*t - 1102. Calculate k(0).
-1102
Let y(f) = -20*f**2 + 528*f - 6104. Give y(13).
-2620
Let f(p) = -106*p**2 + 58883*p - 29413. Calculate f(555).
2
Let o(y) = -9976*y + 40737. Determine o(4).
833
Let g(b) = -741*b + 11695. What is g(16)?
-161
Let u(k) = -14*k**2 + 1366*k - 775. Calculate u(97).
1
Let z(l) = -184*l**2 - 5848*l + 1283. Determine z(-32).
3
Let h(v) = 1565*v - 131549. Determine h(84).
-89
Let j(n) = 135730*n - 6922242. Give j(51).
-12
Let b(h) = -5*h**2 - 618*h - 595. Calculate b(-124).
-843
Let h(u) = 10*u**3 - 416*u**2 - 251*u + 3493. Determine h(42).
7
Let a(g) = -g**2 + 47*g + 1290. Determine a(-21).
-138
Let t(g) = -g**3 + 135*g**2 + 382*g + 4419. Give t(138).
3
Let d(v) = 2764*v - 22172. Determine d(8).
-60
Let z(x) = -x**3 - 15*x**2 + 29*x - 2040. Give z(-21).
-3
Let p(m) = 6*m - 242. Give p(0).
-242
Let z(k) = 16*k**3 - 4*k - 9. What is z(4)?
999
Let g(r) = -23*r**2 + 5426*r - 16300. Calculate g(3).
-229
Let x(u) = -10*u**2 - 1274*u - 4207. Calculate x(-124).
9
Let c(p) = -3*p**2 + 49*p + 1713. What is c(-25)?
-1387
Let y(n) = -n**3 + 221*n**2 + 3587*n - 11086. Give y(236).
6
Let t(o) = -3*o**3 + 315*o**2 - 24*o + 2549. Give t(105).
29
Let h(g) = 1025*g**2 - 157*g - 3. Calculate h(2).
3783
Let y(x) = 2*x**3 + 25*x**2 - 832*x + 114. Give y(15).
9
Let v(q) = -q**3 - 39*q**2 - 11168*q - 410513. What is v(-37)?
-35
Let y(o) = o**2 + 609*o - 5896. What is y(10)?
294
Let c(x) = x**3 + 53*x**2 + 249*x + 256. Calculate c(-48).
-176
Let f(l) = -6251*l - 6243. What is f(-1)?
8
Let n(k) = -1099342*k + 6596149. Calculate n(6).
97
Let s(a) = 210*a + 291. What is s(-1)?
81
Let x(g) = 73*g - 4306. Calculate x(57).
-145
Let a(i) = 392*i - 4115. Calculate a(14).
1373
Let y(b) = 10*b**2 - 910*b - 3813. What is y(95)?
-13
Let o(x) = -x**2 + 263*x + 462265. Determine o(824).
1
Let y(z) = 11*z**3 - 3*z**2 - 6*z + 86. Calculate y(-4).
-642
Let w(u) = -11204*u + 5882120. Determine w(525).
20
Let r(a) = -3*a**2 - 384*a - 5116. Give r(-114).
-328
Let w(r) = -298693*r - 8064720. Calculate w(-27).
-9
Let o(n) = 10*n - 621. Determine o(25).
-371
Let x(n) = 164*n + 10534. Calculate x(-64).
38
Let x(i) = -8*i**3 + 105*i**2 + 95*i - 1382. Determine x(13).
22
Let d(f) = 5941*f - 5216194. What is d(878)?
4
Let u(r) = r**3 - 201*r**2 - 429*r + 4658. Determine u(203).
-11
Let d(g) = -31*g**3 + 2*g**2 - 27178*g - 27179. Give d(-1).
32
Let m(n) = -1601*n + 5035. Determine m(3).
232
Let z(h) = 82*h**3 - 8692*h**2 - h + 123. Calculate z(106).
17
Let h(j) = -3*j**2 + 102*j - 35. Give h(7).
532
Let d(o) = -o**3 + 3*o**2 - 9887*o + 69458. Determine d(7).
53
Let t(q) = 62*q**2 + 1237*q - 7. Determine t(-20).
53
Let d(a) = 2*a**2 - 245*a + 6948. Determine d(75).
-177
Let m(l) = -11*l**2 + 336*l + 19055. Give m(-29).
60
Let h(u) = -4*u**3 - 1774*u**2 + 856*u - 14200. What is h(-444)?
8
Let j(a) = 15411*a - 231169. Determine j(15).
-4
Let u(d) = -1350*d - 21. Calculate u(-1).
1329
Let w(z) = -14*z**2 - 1238*z - 26161. Calculate w(-35).
19
Let v(q) = 75*q**2 + 120*q - 110. Determine v(-3).
205
Let w(r) = -34*r**3 + 509*r**2 + r + 206. Calculate w(15).
-4
Let b(m) = -10*m**3 + 8*m**2 - 94*m - 414. Determine b(-5).
1506
Let x(j) = 2775*j**3 + 8*j**2 - 111*j + 105. Determine x(1).
2777
Let u(i) = 4*i**2 + 4158*i + 12461. What is u(-3)?
23
Let v(w) = -2*w**3 - 784*w**2 + 784*w - 791. Determine v(-393).
-5
Let j(h) = -49801*h + 3436289. Calculate j(69).
20
Let z(n) = -3060*n + 134618. Give z(44).
-22
Let m(z) = 26*z**3 + 1722*z**2 + 388*z - 540. Give m(-66).
-12
Let w(o) = 1480*o + 892442. Calculate w(-603).
2
Let g(y) = -y**3 + 66*y**2 - 370*y - 297. Give g(60).
-897
Let f(d) = -18*d + 4965. What is f(187)?
1599
Let y(x) = -x**3 + 812*x**2 + 2437*x - 658527. Calculate y(814).
-1
Let u(y) = y**2 + 616*y + 280. What is u(0)?
280
Let z(c) = -2*c**3 + 8*c**2 + 284*c + 59. Calculate z(-10).
19
Let n(x) = 1381*x + 407417. What is n(-295)?
22
Let b(k) = -2*k**2 + 756*k + 10277. Determine b(-13).
111
Let t(x) = -35053*x - 35068. Determine t(-1).
-15
Let w(d) = -2*d**3 + 83*d**2 - 139*d + 58. Determine w(40).
-702
Let s(n) = -1261*n - 4940. What is s(-4)?
104
Let r(j) = 42*j**2 + 5999*j + 54942. What is r(-133)?
13
Let a(w) = -424366*w + 424371. Give a(1).
5
Let l(p) = -53*p**2 - 9664*p - 28995. What is l(-3)?
-480
Let v(n) = -4*n**2 - 122*n + 418. Give v(-42).
-1514
Let b(o) = 19935*o - 438505. Give b(22).
65
Let p(z) = 457*z**3 + z**2 + 173*z - 173. What is p(1)?
458
Let i(g) = -2*g**3 - g**2 - 53*g - 940. Calculate i(-11).
2184
Let x(l) = -l**2 - 213*l + 870. What is x(4)?
2
Let l(j) = -2*j**2 + 91*j + 811. Determine l(53).
16
Let z(o) = o**2 - 12*o - 592. Determine z(32).
48
Let m(j) = j**2 + 72*j - 16868. Calculate m(-170).
-208
Let u(t) = t**3 + 1346*t**2 + 2666*t - 39. Give u(-2).
5
Let q(z) = z**2 - 5476*z + 21927. Calculate q(4).
39
Let b(a) = -115660*a + 1850568. Give b(16).
8
Let m(r) = -16*r**2 - 8413*r - 64768. What is m(-518)?
-18
Let j(o) = -2799*o + 29731. Calculate j(11).
-1058
Let k(r) = 15384*r - 76918. Give k(5).
2
Let d(z) = 243*z**2 - 1868*z + 418. What is d(7)?
-751
Let k(o) = -194*o**2 - 25419*o - 621. Give k(-131).
34
Let b(k) = -5*k**3 + 15*k**2 + 39*k - 129. Determine b(4).
-53
Let z(u) = -37994*u + 265952. Determine z(7).
-6
Let p(l) = -276*l - 96309. What is p(-348)?
-261
Let x(f